{"id":321,"date":"2024-01-13T14:13:02","date_gmt":"2024-01-13T14:13:02","guid":{"rendered":"https:\/\/www.recruiteament.com\/sitoweb\/?page_id=321"},"modified":"2024-02-09T10:14:00","modified_gmt":"2024-02-09T10:14:00","slug":"faq","status":"publish","type":"page","link":"https:\/\/www.recruiteament.com\/sitoweb\/index.php\/faq\/","title":{"rendered":"FAQ"},"content":{"rendered":"\t\t<div data-elementor-type=\"wp-page\" data-elementor-id=\"321\" class=\"elementor elementor-321\">\n\t\t\t\t\t\t<section class=\"elementor-section elementor-top-section elementor-element elementor-element-8049293 elementor-section-boxed elementor-section-height-default elementor-section-height-default\" data-id=\"8049293\" data-element_type=\"section\">\n\t\t\t\t\t\t<div class=\"elementor-container elementor-column-gap-default\">\n\t\t\t\t\t<div class=\"elementor-column elementor-col-100 elementor-top-column elementor-element elementor-element-112d659\" data-id=\"112d659\" data-element_type=\"column\">\n\t\t\t<div class=\"elementor-widget-wrap elementor-element-populated\">\n\t\t\t\t\t\t<div class=\"elementor-element elementor-element-b3eb3a3 elementor-widget elementor-widget-heading\" data-id=\"b3eb3a3\" data-element_type=\"widget\" data-widget_type=\"heading.default\">\n\t\t\t\t<div class=\"elementor-widget-container\">\n\t\t\t<style>\/*! elementor - v3.19.0 - 28-02-2024 *\/\n.elementor-heading-title{padding:0;margin:0;line-height:1}.elementor-widget-heading .elementor-heading-title[class*=elementor-size-]>a{color:inherit;font-size:inherit;line-height:inherit}.elementor-widget-heading .elementor-heading-title.elementor-size-small{font-size:15px}.elementor-widget-heading .elementor-heading-title.elementor-size-medium{font-size:19px}.elementor-widget-heading .elementor-heading-title.elementor-size-large{font-size:29px}.elementor-widget-heading .elementor-heading-title.elementor-size-xl{font-size:39px}.elementor-widget-heading .elementor-heading-title.elementor-size-xxl{font-size:59px}<\/style><h3 class=\"elementor-heading-title elementor-size-default\">Frequently Asked Questions<\/h3>\t\t<\/div>\n\t\t\t\t<\/div>\n\t\t\t\t\t<\/div>\n\t\t<\/div>\n\t\t\t\t\t<\/div>\n\t\t<\/section>\n\t\t\t\t<section class=\"elementor-section elementor-top-section elementor-element elementor-element-4a615bb elementor-section-boxed elementor-section-height-default elementor-section-height-default\" data-id=\"4a615bb\" data-element_type=\"section\">\n\t\t\t\t\t\t<div class=\"elementor-container elementor-column-gap-default\">\n\t\t\t\t\t<div class=\"elementor-column elementor-col-100 elementor-top-column elementor-element elementor-element-8ef17a8\" data-id=\"8ef17a8\" data-element_type=\"column\">\n\t\t\t<div class=\"elementor-widget-wrap elementor-element-populated\">\n\t\t\t\t\t\t<div class=\"elementor-element elementor-element-e5637a7 elementor-widget elementor-widget-toggle\" data-id=\"e5637a7\" data-element_type=\"widget\" data-widget_type=\"toggle.default\">\n\t\t\t\t<div class=\"elementor-widget-container\">\n\t\t\t<style>\/*! elementor - v3.19.0 - 28-02-2024 *\/\n.elementor-toggle{text-align:left}.elementor-toggle .elementor-tab-title{font-weight:700;line-height:1;margin:0;padding:15px;border-bottom:1px solid #d5d8dc;cursor:pointer;outline:none}.elementor-toggle .elementor-tab-title .elementor-toggle-icon{display:inline-block;width:1em}.elementor-toggle .elementor-tab-title .elementor-toggle-icon svg{margin-inline-start:-5px;width:1em;height:1em}.elementor-toggle .elementor-tab-title .elementor-toggle-icon.elementor-toggle-icon-right{float:right;text-align:right}.elementor-toggle .elementor-tab-title .elementor-toggle-icon.elementor-toggle-icon-left{float:left;text-align:left}.elementor-toggle .elementor-tab-title .elementor-toggle-icon .elementor-toggle-icon-closed{display:block}.elementor-toggle .elementor-tab-title .elementor-toggle-icon .elementor-toggle-icon-opened{display:none}.elementor-toggle .elementor-tab-title.elementor-active{border-bottom:none}.elementor-toggle .elementor-tab-title.elementor-active .elementor-toggle-icon-closed{display:none}.elementor-toggle .elementor-tab-title.elementor-active .elementor-toggle-icon-opened{display:block}.elementor-toggle .elementor-tab-content{padding:15px;border-bottom:1px solid #d5d8dc;display:none}@media (max-width:767px){.elementor-toggle .elementor-tab-title{padding:12px}.elementor-toggle .elementor-tab-content{padding:12px 10px}}.e-con-inner>.elementor-widget-toggle,.e-con>.elementor-widget-toggle{width:var(--container-widget-width);--flex-grow:var(--container-widget-flex-grow)}<\/style>\t\t<div class=\"elementor-toggle\">\n\t\t\t\t\t\t\t<div class=\"elementor-toggle-item\">\n\t\t\t\t\t<div id=\"elementor-tab-title-2401\" class=\"elementor-tab-title\" data-tab=\"1\" role=\"button\" aria-controls=\"elementor-tab-content-2401\" aria-expanded=\"false\">\n\t\t\t\t\t\t\t\t\t\t\t\t<span class=\"elementor-toggle-icon elementor-toggle-icon-left\" aria-hidden=\"true\">\n\t\t\t\t\t\t\t\t\t\t\t\t\t\t\t<span class=\"elementor-toggle-icon-closed\"><i class=\"fas fa-caret-right\"><\/i><\/span>\n\t\t\t\t\t\t\t\t<span class=\"elementor-toggle-icon-opened\"><i class=\"elementor-toggle-icon-opened fas fa-caret-up\"><\/i><\/span>\n\t\t\t\t\t\t\t\t\t\t\t\t\t<\/span>\n\t\t\t\t\t\t\t\t\t\t\t\t<a class=\"elementor-toggle-title\" tabindex=\"0\">C'\u00e8 un numero minimo di operatori nella versione Team?<\/a>\n\t\t\t\t\t<\/div>\n\n\t\t\t\t\t<div id=\"elementor-tab-content-2401\" class=\"elementor-tab-content elementor-clearfix\" data-tab=\"1\" role=\"region\" aria-labelledby=\"elementor-tab-title-2401\"><p>Nessun numero minimo. Puoi scegliere tu quanti operatori includere.<\/p><\/div>\n\t\t\t\t<\/div>\n\t\t\t\t\t\t\t<div class=\"elementor-toggle-item\">\n\t\t\t\t\t<div id=\"elementor-tab-title-2402\" class=\"elementor-tab-title\" data-tab=\"2\" role=\"button\" aria-controls=\"elementor-tab-content-2402\" aria-expanded=\"false\">\n\t\t\t\t\t\t\t\t\t\t\t\t<span class=\"elementor-toggle-icon elementor-toggle-icon-left\" aria-hidden=\"true\">\n\t\t\t\t\t\t\t\t\t\t\t\t\t\t\t<span class=\"elementor-toggle-icon-closed\"><i class=\"fas fa-caret-right\"><\/i><\/span>\n\t\t\t\t\t\t\t\t<span class=\"elementor-toggle-icon-opened\"><i class=\"elementor-toggle-icon-opened fas fa-caret-up\"><\/i><\/span>\n\t\t\t\t\t\t\t\t\t\t\t\t\t<\/span>\n\t\t\t\t\t\t\t\t\t\t\t\t<a class=\"elementor-toggle-title\" tabindex=\"0\">C'\u00e8 un numero minimo di mensilit\u00e0 o un tacito rinnovo?<\/a>\n\t\t\t\t\t<\/div>\n\n\t\t\t\t\t<div id=\"elementor-tab-content-2402\" class=\"elementor-tab-content elementor-clearfix\" data-tab=\"2\" role=\"region\" aria-labelledby=\"elementor-tab-title-2402\"><p>No. Decidi tu quanto vuoi usare la soluzione RecruiTeament. Il pagamento \u00e8 annuale anticipato. Alla fine di ogni anno puoi decidere di disdire l&#8217;abbonamento o di diminuire il numero di operatori con effetto immediato.<\/p><\/div>\n\t\t\t\t<\/div>\n\t\t\t\t\t\t\t<div class=\"elementor-toggle-item\">\n\t\t\t\t\t<div id=\"elementor-tab-title-2403\" class=\"elementor-tab-title\" data-tab=\"3\" role=\"button\" aria-controls=\"elementor-tab-content-2403\" aria-expanded=\"false\">\n\t\t\t\t\t\t\t\t\t\t\t\t<span class=\"elementor-toggle-icon elementor-toggle-icon-left\" aria-hidden=\"true\">\n\t\t\t\t\t\t\t\t\t\t\t\t\t\t\t<span class=\"elementor-toggle-icon-closed\"><i class=\"fas fa-caret-right\"><\/i><\/span>\n\t\t\t\t\t\t\t\t<span class=\"elementor-toggle-icon-opened\"><i class=\"elementor-toggle-icon-opened fas fa-caret-up\"><\/i><\/span>\n\t\t\t\t\t\t\t\t\t\t\t\t\t<\/span>\n\t\t\t\t\t\t\t\t\t\t\t\t<a class=\"elementor-toggle-title\" tabindex=\"0\">Come funziona il periodo di prova?<\/a>\n\t\t\t\t\t<\/div>\n\n\t\t\t\t\t<div id=\"elementor-tab-content-2403\" class=\"elementor-tab-content elementor-clearfix\" data-tab=\"3\" role=\"region\" aria-labelledby=\"elementor-tab-title-2403\"><p>Per tutto il periodo di prova avrai a disposizione un numero illimitato di operatori e potrai utilizzare tutte le funzionalit\u00e0. Terminato il periodo di prova potrai decidere se passare alla versione a pagamento o smettere di usarlo. Ma confidiamo che resterai con noi.<\/p><\/div>\n\t\t\t\t<\/div>\n\t\t\t\t\t\t\t<div class=\"elementor-toggle-item\">\n\t\t\t\t\t<div id=\"elementor-tab-title-2404\" class=\"elementor-tab-title\" data-tab=\"4\" role=\"button\" aria-controls=\"elementor-tab-content-2404\" aria-expanded=\"false\">\n\t\t\t\t\t\t\t\t\t\t\t\t<span class=\"elementor-toggle-icon elementor-toggle-icon-left\" aria-hidden=\"true\">\n\t\t\t\t\t\t\t\t\t\t\t\t\t\t\t<span class=\"elementor-toggle-icon-closed\"><i class=\"fas fa-caret-right\"><\/i><\/span>\n\t\t\t\t\t\t\t\t<span class=\"elementor-toggle-icon-opened\"><i class=\"elementor-toggle-icon-opened fas fa-caret-up\"><\/i><\/span>\n\t\t\t\t\t\t\t\t\t\t\t\t\t<\/span>\n\t\t\t\t\t\t\t\t\t\t\t\t<a class=\"elementor-toggle-title\" tabindex=\"0\">Se al termine della prova decido di passare alle versioni a pagamento perder\u00f2 tutto quello che ho inserito?<\/a>\n\t\t\t\t\t<\/div>\n\n\t\t\t\t\t<div id=\"elementor-tab-content-2404\" class=\"elementor-tab-content elementor-clearfix\" data-tab=\"4\" role=\"region\" aria-labelledby=\"elementor-tab-title-2404\"><p>Assolutamente no. Tutto il tuo lavoro verr\u00e0 mantenuto e proceder\u00e0 senza interruzioni, anche le convocazioni ancora in corso.<\/p><\/div>\n\t\t\t\t<\/div>\n\t\t\t\t\t\t\t<div class=\"elementor-toggle-item\">\n\t\t\t\t\t<div id=\"elementor-tab-title-2405\" class=\"elementor-tab-title\" data-tab=\"5\" role=\"button\" aria-controls=\"elementor-tab-content-2405\" aria-expanded=\"false\">\n\t\t\t\t\t\t\t\t\t\t\t\t<span class=\"elementor-toggle-icon elementor-toggle-icon-left\" aria-hidden=\"true\">\n\t\t\t\t\t\t\t\t\t\t\t\t\t\t\t<span class=\"elementor-toggle-icon-closed\"><i class=\"fas fa-caret-right\"><\/i><\/span>\n\t\t\t\t\t\t\t\t<span class=\"elementor-toggle-icon-opened\"><i class=\"elementor-toggle-icon-opened fas fa-caret-up\"><\/i><\/span>\n\t\t\t\t\t\t\t\t\t\t\t\t\t<\/span>\n\t\t\t\t\t\t\t\t\t\t\t\t<a class=\"elementor-toggle-title\" tabindex=\"0\">Cosa succede se nel portale gestisco pi\u00f9 di un'organizzazione?<\/a>\n\t\t\t\t\t<\/div>\n\n\t\t\t\t\t<div id=\"elementor-tab-content-2405\" class=\"elementor-tab-content elementor-clearfix\" data-tab=\"5\" role=\"region\" aria-labelledby=\"elementor-tab-title-2405\"><p>Quando farai l&#8217;accesso al portale ti verr\u00e0 chiesto a quale organizzazione vuoi connetterti.<\/p><\/div>\n\t\t\t\t<\/div>\n\t\t\t\t\t\t\t<div class=\"elementor-toggle-item\">\n\t\t\t\t\t<div id=\"elementor-tab-title-2406\" class=\"elementor-tab-title\" data-tab=\"6\" role=\"button\" aria-controls=\"elementor-tab-content-2406\" aria-expanded=\"false\">\n\t\t\t\t\t\t\t\t\t\t\t\t<span class=\"elementor-toggle-icon elementor-toggle-icon-left\" aria-hidden=\"true\">\n\t\t\t\t\t\t\t\t\t\t\t\t\t\t\t<span class=\"elementor-toggle-icon-closed\"><i class=\"fas fa-caret-right\"><\/i><\/span>\n\t\t\t\t\t\t\t\t<span class=\"elementor-toggle-icon-opened\"><i class=\"elementor-toggle-icon-opened fas fa-caret-up\"><\/i><\/span>\n\t\t\t\t\t\t\t\t\t\t\t\t\t<\/span>\n\t\t\t\t\t\t\t\t\t\t\t\t<a class=\"elementor-toggle-title\" tabindex=\"0\">Perch\u00e8 non posso gestire pi\u00f9 organizzazioni nella stessa sessione?<\/a>\n\t\t\t\t\t<\/div>\n\n\t\t\t\t\t<div id=\"elementor-tab-content-2406\" class=\"elementor-tab-content elementor-clearfix\" data-tab=\"6\" role=\"region\" aria-labelledby=\"elementor-tab-title-2406\"><p>Per evitare di confondersi ed inviare convocazioni a gruppi sbagliati \u00e8 necessario fare logout da una sessione e poi fare nuovamente login per scegliere un&#8217;altra organizzazione<\/p><\/div>\n\t\t\t\t<\/div>\n\t\t\t\t\t\t\t<div class=\"elementor-toggle-item\">\n\t\t\t\t\t<div id=\"elementor-tab-title-2407\" class=\"elementor-tab-title\" data-tab=\"7\" role=\"button\" aria-controls=\"elementor-tab-content-2407\" aria-expanded=\"false\">\n\t\t\t\t\t\t\t\t\t\t\t\t<span class=\"elementor-toggle-icon elementor-toggle-icon-left\" aria-hidden=\"true\">\n\t\t\t\t\t\t\t\t\t\t\t\t\t\t\t<span class=\"elementor-toggle-icon-closed\"><i class=\"fas fa-caret-right\"><\/i><\/span>\n\t\t\t\t\t\t\t\t<span class=\"elementor-toggle-icon-opened\"><i class=\"elementor-toggle-icon-opened fas fa-caret-up\"><\/i><\/span>\n\t\t\t\t\t\t\t\t\t\t\t\t\t<\/span>\n\t\t\t\t\t\t\t\t\t\t\t\t<a class=\"elementor-toggle-title\" tabindex=\"0\">Quali sono i possibili stati delle convocazioni?<\/a>\n\t\t\t\t\t<\/div>\n\n\t\t\t\t\t<div id=\"elementor-tab-content-2407\" class=\"elementor-tab-content elementor-clearfix\" data-tab=\"7\" role=\"region\" aria-labelledby=\"elementor-tab-title-2407\"><p>&#8211; Aggiunto<br \/>&#8211; Richiesta disponibilit\u00e0<br \/>&#8211; Disponibile<br \/>&#8211; Non disponibile<br \/>&#8211; Confermato<br \/>&#8211; Rifiutato<\/p><\/div>\n\t\t\t\t<\/div>\n\t\t\t\t\t\t\t<div class=\"elementor-toggle-item\">\n\t\t\t\t\t<div id=\"elementor-tab-title-2408\" class=\"elementor-tab-title\" data-tab=\"8\" role=\"button\" aria-controls=\"elementor-tab-content-2408\" aria-expanded=\"false\">\n\t\t\t\t\t\t\t\t\t\t\t\t<span class=\"elementor-toggle-icon elementor-toggle-icon-left\" aria-hidden=\"true\">\n\t\t\t\t\t\t\t\t\t\t\t\t\t\t\t<span class=\"elementor-toggle-icon-closed\"><i class=\"fas fa-caret-right\"><\/i><\/span>\n\t\t\t\t\t\t\t\t<span class=\"elementor-toggle-icon-opened\"><i class=\"elementor-toggle-icon-opened fas fa-caret-up\"><\/i><\/span>\n\t\t\t\t\t\t\t\t\t\t\t\t\t<\/span>\n\t\t\t\t\t\t\t\t\t\t\t\t<a class=\"elementor-toggle-title\" tabindex=\"0\">Che differenza c'\u00e8 fra lo stato Non disponibile e lo stato Rifiutato?<\/a>\n\t\t\t\t\t<\/div>\n\n\t\t\t\t\t<div id=\"elementor-tab-content-2408\" class=\"elementor-tab-content elementor-clearfix\" data-tab=\"8\" role=\"region\" aria-labelledby=\"elementor-tab-title-2408\"><p>Non disponibile significa che l&#8217;operatore non ha dato la sua disponibilit\u00e0.<br \/>Rifiutato significa che l&#8217;operatore ha dato disponibilit\u00e0 ma alla fine si \u00e8 deciso di non convocarlo. Questo succede se ad esempio si chiede disponibilit\u00e0 a pi\u00f9 persone rispetto a quelle necessarie (prevedendo delle indisponibilit\u00e0) e alla fine i disponibili sono pi\u00f9 del necessario e quindi se ne confermano solo alcuni, rifiutando altri.<\/p><\/div>\n\t\t\t\t<\/div>\n\t\t\t\t\t\t\t<div class=\"elementor-toggle-item\">\n\t\t\t\t\t<div id=\"elementor-tab-title-2409\" class=\"elementor-tab-title\" data-tab=\"9\" role=\"button\" aria-controls=\"elementor-tab-content-2409\" aria-expanded=\"false\">\n\t\t\t\t\t\t\t\t\t\t\t\t<span class=\"elementor-toggle-icon elementor-toggle-icon-left\" aria-hidden=\"true\">\n\t\t\t\t\t\t\t\t\t\t\t\t\t\t\t<span class=\"elementor-toggle-icon-closed\"><i class=\"fas fa-caret-right\"><\/i><\/span>\n\t\t\t\t\t\t\t\t<span class=\"elementor-toggle-icon-opened\"><i class=\"elementor-toggle-icon-opened fas fa-caret-up\"><\/i><\/span>\n\t\t\t\t\t\t\t\t\t\t\t\t\t<\/span>\n\t\t\t\t\t\t\t\t\t\t\t\t<a class=\"elementor-toggle-title\" tabindex=\"0\">L'app \u00e8 gratuita?<\/a>\n\t\t\t\t\t<\/div>\n\n\t\t\t\t\t<div id=\"elementor-tab-content-2409\" class=\"elementor-tab-content elementor-clearfix\" data-tab=\"9\" role=\"region\" aria-labelledby=\"elementor-tab-title-2409\"><p>Si. L&#8217;app \u00e8 gratuita. Non \u00e8 richiesto alcun pagamento agli operatori.<\/p><\/div>\n\t\t\t\t<\/div>\n\t\t\t\t\t\t\t<div class=\"elementor-toggle-item\">\n\t\t\t\t\t<div id=\"elementor-tab-title-24010\" class=\"elementor-tab-title\" data-tab=\"10\" role=\"button\" aria-controls=\"elementor-tab-content-24010\" aria-expanded=\"false\">\n\t\t\t\t\t\t\t\t\t\t\t\t<span class=\"elementor-toggle-icon elementor-toggle-icon-left\" aria-hidden=\"true\">\n\t\t\t\t\t\t\t\t\t\t\t\t\t\t\t<span class=\"elementor-toggle-icon-closed\"><i class=\"fas fa-caret-right\"><\/i><\/span>\n\t\t\t\t\t\t\t\t<span class=\"elementor-toggle-icon-opened\"><i class=\"elementor-toggle-icon-opened fas fa-caret-up\"><\/i><\/span>\n\t\t\t\t\t\t\t\t\t\t\t\t\t<\/span>\n\t\t\t\t\t\t\t\t\t\t\t\t<a class=\"elementor-toggle-title\" tabindex=\"0\">Come funziona con l'app se sono operatore in pi\u00f9 organizzazioni?<\/a>\n\t\t\t\t\t<\/div>\n\n\t\t\t\t\t<div id=\"elementor-tab-content-24010\" class=\"elementor-tab-content elementor-clearfix\" data-tab=\"10\" role=\"region\" aria-labelledby=\"elementor-tab-title-24010\"><p>Una volta che avrai fatto l&#8217;accesso all&#8217;app con il tuo numero di telefono, potrai registrarti ad ogni organizzazione con il codice che ti verr\u00e0 inviato dal gestore del portale. Sull&#8217;app riceverai le convocazioni di tutte le organizzazioni a cui sei registrato. In ogni convocazione sar\u00e0 chiaramente indicato da quale organizzazione arriva.<\/p><\/div>\n\t\t\t\t<\/div>\n\t\t\t\t\t\t\t<div class=\"elementor-toggle-item\">\n\t\t\t\t\t<div id=\"elementor-tab-title-24011\" class=\"elementor-tab-title\" data-tab=\"11\" role=\"button\" aria-controls=\"elementor-tab-content-24011\" aria-expanded=\"false\">\n\t\t\t\t\t\t\t\t\t\t\t\t<span class=\"elementor-toggle-icon elementor-toggle-icon-left\" aria-hidden=\"true\">\n\t\t\t\t\t\t\t\t\t\t\t\t\t\t\t<span class=\"elementor-toggle-icon-closed\"><i class=\"fas fa-caret-right\"><\/i><\/span>\n\t\t\t\t\t\t\t\t<span class=\"elementor-toggle-icon-opened\"><i class=\"elementor-toggle-icon-opened fas fa-caret-up\"><\/i><\/span>\n\t\t\t\t\t\t\t\t\t\t\t\t\t<\/span>\n\t\t\t\t\t\t\t\t\t\t\t\t<a class=\"elementor-toggle-title\" tabindex=\"0\">Di solito uso il mio calendario di Google per ricordare i miei impegni.  E' presente un'integrazione nell'app?<\/a>\n\t\t\t\t\t<\/div>\n\n\t\t\t\t\t<div id=\"elementor-tab-content-24011\" class=\"elementor-tab-content elementor-clearfix\" data-tab=\"11\" role=\"region\" aria-labelledby=\"elementor-tab-title-24011\"><p>Dall&#8217;app \u00e8 prevista la possibilit\u00e0 di riportare la convocazione nei pi\u00f9 comuni calendari, tra cui anche Google Calendar,\u00a0 e sfruttare cos\u00ec le funzionalit\u00e0 di alert del tuo calendario a cui sei abituato.<\/p><\/div>\n\t\t\t\t<\/div>\n\t\t\t\t\t\t\t\t\t\t<script type=\"application\/ld+json\">{\"@context\":\"https:\\\/\\\/schema.org\",\"@type\":\"FAQPage\",\"mainEntity\":[{\"@type\":\"Question\",\"name\":\"C'\\u00e8 un numero minimo di operatori nella versione Team?\",\"acceptedAnswer\":{\"@type\":\"Answer\",\"text\":\"<p>Nessun numero minimo. Puoi scegliere tu quanti operatori includere.<\\\/p>\"}},{\"@type\":\"Question\",\"name\":\"C'\\u00e8 un numero minimo di mensilit\\u00e0 o un tacito rinnovo?\",\"acceptedAnswer\":{\"@type\":\"Answer\",\"text\":\"<p>No. Decidi tu quanto vuoi usare la soluzione RecruiTeament. Il pagamento \\u00e8 annuale anticipato. Alla fine di ogni anno puoi decidere di disdire l&#8217;abbonamento o di diminuire il numero di operatori con effetto immediato.<\\\/p>\"}},{\"@type\":\"Question\",\"name\":\"Come funziona il periodo di prova?\",\"acceptedAnswer\":{\"@type\":\"Answer\",\"text\":\"<p>Per tutto il periodo di prova avrai a disposizione un numero illimitato di operatori e potrai utilizzare tutte le funzionalit\\u00e0. Terminato il periodo di prova potrai decidere se passare alla versione a pagamento o smettere di usarlo. Ma confidiamo che resterai con noi.<\\\/p>\"}},{\"@type\":\"Question\",\"name\":\"Se al termine della prova decido di passare alle versioni a pagamento perder\\u00f2 tutto quello che ho inserito?\",\"acceptedAnswer\":{\"@type\":\"Answer\",\"text\":\"<p>Assolutamente no. Tutto il tuo lavoro verr\\u00e0 mantenuto e proceder\\u00e0 senza interruzioni, anche le convocazioni ancora in corso.<\\\/p>\"}},{\"@type\":\"Question\",\"name\":\"Cosa succede se nel portale gestisco pi\\u00f9 di un'organizzazione?\",\"acceptedAnswer\":{\"@type\":\"Answer\",\"text\":\"<p>Quando farai l&#8217;accesso al portale ti verr\\u00e0 chiesto a quale organizzazione vuoi connetterti.<\\\/p>\"}},{\"@type\":\"Question\",\"name\":\"Perch\\u00e8 non posso gestire pi\\u00f9 organizzazioni nella stessa sessione?\",\"acceptedAnswer\":{\"@type\":\"Answer\",\"text\":\"<p>Per evitare di confondersi ed inviare convocazioni a gruppi sbagliati \\u00e8 necessario fare logout da una sessione e poi fare nuovamente login per scegliere un&#8217;altra organizzazione<\\\/p>\"}},{\"@type\":\"Question\",\"name\":\"Quali sono i possibili stati delle convocazioni?\",\"acceptedAnswer\":{\"@type\":\"Answer\",\"text\":\"<p>&#8211; Aggiunto<br \\\/>&#8211; Richiesta disponibilit\\u00e0<br \\\/>&#8211; Disponibile<br \\\/>&#8211; Non disponibile<br \\\/>&#8211; Confermato<br \\\/>&#8211; Rifiutato<\\\/p>\"}},{\"@type\":\"Question\",\"name\":\"Che differenza c'\\u00e8 fra lo stato Non disponibile e lo stato Rifiutato?\",\"acceptedAnswer\":{\"@type\":\"Answer\",\"text\":\"<p>Non disponibile significa che l&#8217;operatore non ha dato la sua disponibilit\\u00e0.<br \\\/>Rifiutato significa che l&#8217;operatore ha dato disponibilit\\u00e0 ma alla fine si \\u00e8 deciso di non convocarlo. Questo succede se ad esempio si chiede disponibilit\\u00e0 a pi\\u00f9 persone rispetto a quelle necessarie (prevedendo delle indisponibilit\\u00e0) e alla fine i disponibili sono pi\\u00f9 del necessario e quindi se ne confermano solo alcuni, rifiutando altri.<\\\/p>\"}},{\"@type\":\"Question\",\"name\":\"L'app \\u00e8 gratuita?\",\"acceptedAnswer\":{\"@type\":\"Answer\",\"text\":\"<p>Si. L&#8217;app \\u00e8 gratuita. Non \\u00e8 richiesto alcun pagamento agli operatori.<\\\/p>\"}},{\"@type\":\"Question\",\"name\":\"Come funziona con l'app se sono operatore in pi\\u00f9 organizzazioni?\",\"acceptedAnswer\":{\"@type\":\"Answer\",\"text\":\"<p>Una volta che avrai fatto l&#8217;accesso all&#8217;app con il tuo numero di telefono, potrai registrarti ad ogni organizzazione con il codice che ti verr\\u00e0 inviato dal gestore del portale. Sull&#8217;app riceverai le convocazioni di tutte le organizzazioni a cui sei registrato. In ogni convocazione sar\\u00e0 chiaramente indicato da quale organizzazione arriva.<\\\/p>\"}},{\"@type\":\"Question\",\"name\":\"Di solito uso il mio calendario di Google per ricordare i miei impegni.  E' presente un'integrazione nell'app?\",\"acceptedAnswer\":{\"@type\":\"Answer\",\"text\":\"<p>Dall&#8217;app \\u00e8 prevista la possibilit\\u00e0 di riportare la convocazione nei pi\\u00f9 comuni calendari, tra cui anche Google Calendar,\\u00a0 e sfruttare cos\\u00ec le funzionalit\\u00e0 di alert del tuo calendario a cui sei abituato.<\\\/p>\"}}]}<\/script>\n\t\t\t\t\t<\/div>\n\t\t\t\t<\/div>\n\t\t\t\t<\/div>\n\t\t\t\t\t<\/div>\n\t\t<\/div>\n\t\t\t\t\t<\/div>\n\t\t<\/section>\n\t\t\t\t<\/div>\n\t\t","protected":false},"excerpt":{"rendered":"<p>Frequently Asked Questions C&#8217;\u00e8 un numero minimo di operatori nella versione Team? Nessun numero minimo. Puoi scegliere tu quanti operatori includere. C&#8217;\u00e8 [&hellip;]<\/p>\n","protected":false},"author":1,"featured_media":0,"parent":0,"menu_order":0,"comment_status":"closed","ping_status":"closed","template":"","meta":{"footnotes":""},"class_list":["post-321","page","type-page","status-publish","hentry"],"_links":{"self":[{"href":"https:\/\/www.recruiteament.com\/sitoweb\/index.php\/wp-json\/wp\/v2\/pages\/321","targetHints":{"allow":["GET"]}}],"collection":[{"href":"https:\/\/www.recruiteament.com\/sitoweb\/index.php\/wp-json\/wp\/v2\/pages"}],"about":[{"href":"https:\/\/www.recruiteament.com\/sitoweb\/index.php\/wp-json\/wp\/v2\/types\/page"}],"author":[{"embeddable":true,"href":"https:\/\/www.recruiteament.com\/sitoweb\/index.php\/wp-json\/wp\/v2\/users\/1"}],"replies":[{"embeddable":true,"href":"https:\/\/www.recruiteament.com\/sitoweb\/index.php\/wp-json\/wp\/v2\/comments?post=321"}],"version-history":[{"count":46,"href":"https:\/\/www.recruiteament.com\/sitoweb\/index.php\/wp-json\/wp\/v2\/pages\/321\/revisions"}],"predecessor-version":[{"id":606,"href":"https:\/\/www.recruiteament.com\/sitoweb\/index.php\/wp-json\/wp\/v2\/pages\/321\/revisions\/606"}],"wp:attachment":[{"href":"https:\/\/www.recruiteament.com\/sitoweb\/index.php\/wp-json\/wp\/v2\/media?parent=321"}],"curies":[{"name":"wp","href":"https:\/\/api.w.org\/{rel}","templated":true}]}}